e remainder when 4432188 is divided by 2216087.
14
What is the remainder when 380135 is divided by 2363?
2055
Calculate the remainder when 7942580 is divided by 3035.
3020
Calculate the remainder when 9390627 is divided by 3361.
3354
What is the remainder when 197531 is divided by 520?
451
What is the remainder when 242442 is divided by 2693?
72
Calculate the remainder when 604966 is divided by 168.
166
What is the remainder when 1330106 is divided by 73892?
50
What is the remainder when 30358283 is divided by 582?
581
What is the remainder when 107459222 is divided by 18?
14
Calculate the remainder when 7738 is divided by 687.
181
Calculate the remainder when 238747036 is divided by 20.
16
What is the remainder when 3213273 is divided by 197?
6
Calculate the remainder when 8585095 is divided by 900.
895
What is the remainder when 7759 is divided by 2432?
463
What is the remainder when 105757 is divided by 1706?
1691
Calculate the remainder when 25615744 is divided by 82.
10
Calculate the remainder when 66996 is divided by 886.
546
What is the remainder when 41233316 is divided by 5893?
5888
Calculate the remainder when 135921 is divided by 3336.
2481
Calculate the remainder when 413004 is divided by 2054.
150
What is the remainder when 234372 is divided by 117150?
72
What is the remainder when 184801 is divided by 307?
294
What is the remainder when 9848 is divided by 9826?
22
What is the remainder when 2666171 is divided by 73?
65
What is the remainder when 1614921 is divided by 26474?
7
Calculate the remainder when 4241534 is divided by 1619.
1373
What is the remainder when 44486 is divided by 1312?
1190
Calculate the remainder when 33959 is divided by 2286.
1955
Calculate the remainder when 6819805 is divided by 888.
853
What is the remainder when 144185 is divided by 3124?
481
Calculate the remainder when 9005370 is divided by 46.
42
What is the remainder when 97695581 is divided by 2666?
11
What is the remainder when 1689010 is divided by 702?
700
Calculate the remainder when 49454 is divided by 12353.
42
Calculate the remainder when 2495309 is divided by 1715.
1699
What is the remainder when 8950821 is divided by 1118844?
69
Calculate the remainder when 5968028 is divided by 89.
44
What is the remainder when 6696687 is divided by 130?
127
Calculate the remainder when 1735044 is divided by 347007.
9
What is the remainder when 9451 is divided by 1968?
1579
What is the remainder when 1002437 is divided by 250324?
1141
What is the remainder when 42039 is divided by 13349?
1992
Calculate the remainder when 548104 is divided by 4546.
2584
Calculate the remainder when 668048 is divided by 8906.
98
What is the remainder when 23972911 is divided by 5993191?
147
Calculate the remainder when 108410373 is divided by 231.
225
What is the remainder when 4457670 is divided by 36241?
27
Calculate the remainder when 3947829 is divided by 930.
909
Calculate the remainder when 114985 is divided by 28681.
261
What is the remainder when 19926728 is divided by 159?
53
What is the remainder when 4327045 is divided by 43?
41
What is the remainder when 1073498 is divided by 536189?
1120
What is the remainder when 848350 is divided by 16965?
100
Calculate the remainder when 8293227 is divided by 198.
195
What is the remainder when 7642 is divided by 4451?
3191
What is the remainder when 5976388 is divided by 58?
10
Calculate the remainder when 2479958 is divided by 476.
474
What is the remainder when 102671955 is divided by 67?
16
What is the remainder when 610663 is divided by 50887?
19
What is the remainder when 3749460 is divided by 1332?
1212
What is the remainder when 30761 is divided by 686?
577
What is the remainder when 320427 is divided by 52288?
6699
What is the remainder when 869593 is divided by 10352?
25
What is the remainder when 13485395 is divided by 1839?
8
Calculate the remainder when 16625 is divided by 15699.
926
Calculate the remainder when 1340860 is divided by 446370.
1750
Calculate the remainder when 22594171 is divided by 18.
13
What is the remainder when 9004132 is divided by 1800819?
37
What is the remainder when 603616 is divided by 26240?
96
What is the remainder when 199776632 is divided by 12?
8
What is the remainder when 238980 is divided by 238912?
68
Calculate the remainder when 80222 is divided by 611.
181
What is the remainder when 8777140 is divided by 3705?
3700
Calculate the remainder when 437938143 is divided by 713.
709
Calculate the remainder when 489999271 is divided by 1687.
1686
What is the remainder when 441241 is divided by 395?
26
Calculate the remainder when 4984229 is divided by 1213.
12
Calculate the remainder when 15733073 is divided by 402.
401
Calculate the remainder when 130555 is divided by 25929.
910
What is the remainder when 516148 is divided by 12283?
262
What is the remainder when 501454 is divided by 41786?
22
What is the remainder when 17301684 is divided by 558118?
26
Calculate the remainder when 10089 is divided by 78.
27
What is the remainder when 1019165 is divided by 1807?
17
Calculate the remainder when 23138 is divided by 22842.
296
Calculate the remainder when 1398356457 is divided by 6170.
6167
What is the remainder when 134360 is divided by 26?
18
What is the remainder when 1125657 is divided by 375169?
150
Calculate the remainder when 262601 is divided by 7747.
6950
What is the remainder when 243604 is divided by 240561?
3043
Calculate the remainder when 34833 is divided by 725.
33
Calculate the remainder when 1604334 is divided by 1840.
1694
What is the remainder when 416619 is divided by 21919?
158
What is the remainder when 1922110 is divided by 960827?
456
Calculate the remainder when 41318 is divided by 40874.
444
Calculate the remainder when 2413278 is divided by 321.
0
Calculate the remainder when 3169294 is divided by 1584637.
20
Calculate the remainder when 107854 is divided by 622.
248
What is the remainder when 17456 is divided by 60?
56
What is the remainder when 2658901 is divided by 13634?
271
What is the remainder when 18071491 is divided by 377?
373
Calculate the remainder when 2214883 is divided by 104.
99
Calculate the remainder when 16614467 is divided by 52.
51
What is the remainder when 21860899 is divided by 1264?
19
Calculate the remainder when 13900033 is divided by 36.
1
What is the remainder when 89682215 is divided by 477033?
11
Calculate the remainder when 63848 is divided by 778.
52
Calculate the remainder when 4412699 is divided by 42.
11
What is the remainder when 100038733 is divided by 9574?
7
Calculate the remainder when 18314896 is divided by 431.
413
Calculate the remainder when 148559 is divided by 147298.
1261
Calculate the remainder when 62205 is divided by 338.
13
What is the remainder when 45227643 is divided by 15075836?
135
What is the remainder when 1437036 is divided by 142?
138
What is the remainder when 13706 is divided by 558?
314
Calculate the remainder when 1645782 is divided by 205658.
518
Calculate the remainder when 6451128 is divided by 2150373.
9
Calculate the remainder when 15162000 is divided by 29.
17
Calculate the remainder when 5270901 is divided by 1756961.
18
Calculate the remainder when 1030030 is divided by 8047.
14
What is the remainder when 1966955 is divided by 9193?
8846
Calculate the remainder when 115830892 is divided by 16110.
16102
What is the remainder when 536041024 is divided by 325?
324
Calculate the remainder when 536089 is divided by 1213.
1156
Calculate the remainder when 233267 is divided by 32127.
8378
Calculate the remainder when 2837157 is divided by 69.
15
What is the remainder when 7147287 is divided by 7147283?
4
Calculate the remainder when 8092616 is divided by 63.
14
What is the remainder when 759508 is divided by 866?
26
What is the remainder when 2582596 is divided by 234746?
390
What is the remainder when 540180 is divided by 270074?
32
Calculate the remainder when 2838566 is divided by 250.
66
Calculate the remainder when 1633678 is divided by 34.
12
What is the remainder when 23362097 is divided by 8067?
65
What is the remainder when 1041175 is divided by 260128?
663
Calculate the remainder when 629314 is divided by 209499.
817
Calculate the remainder when 5676375 is divided by 134.
1
Calcula